{"id":6198,"date":"2020-10-07T08:45:45","date_gmt":"2020-10-07T06:45:45","guid":{"rendered":"http:\/\/nmszellerndorf.ac.at\/wordpress\/?page_id=6198"},"modified":"2020-10-07T08:45:45","modified_gmt":"2020-10-07T06:45:45","slug":"geschichte-des-elternvereins","status":"publish","type":"page","link":"https:\/\/nmszellerndorf.ac.at\/wordpress\/schule\/elternverein\/geschichte-des-elternvereins\/","title":{"rendered":"Geschichte des Elternvereins"},"content":{"rendered":"<p style=\"text-align: justify;\">Der Elternverein der Hauptschule Zellerndorf <strong>wurde im Jahre 1975 gegr\u00fcndet<\/strong>. Die erste konstituierende Generalversammlung fand am 2. Dezember 1975 statt. Den Vorsitz f\u00fchrte Hans Kettler, der auch zum Obmann gew\u00e4hlt wurde. Dieser wurde 1977 von Dr. Godfried Thurner als neuer Obmann abgel\u00f6st. 1986 \u00fcbernahm Johann Hawle diese Funktion, 1992 Willibald Graf, 2000 Reinhard Wolf, 2003 Ingrid Hindler, 2004 Otto Schmalzbauer, 2013 Silvia Klucky, 2017 Schwayer Christian und 2020 Karl Reilinger.<\/p>\n<p>&nbsp;<\/p>\n","protected":false},"excerpt":{"rendered":"<p>Der Elternverein der Hauptschule Zellerndorf wurde im Jahre 1975 gegr\u00fcndet. Die erste konstituierende Generalversammlung fand am 2. Dezember 1975 statt. Den Vorsitz f\u00fchrte Hans Kettler, der auch zum Obmann gew\u00e4hlt wurde. Dieser wurde 1977 von Dr. Godfried Thurner als neuer Obmann abgel\u00f6st. 1986 \u00fcbernahm Johann Hawle diese Funktion, 1992 Willibald Graf, 2000 Reinhard Wolf, 2003 &hellip; <\/p>\n<p class=\"link-more\"><a href=\"https:\/\/nmszellerndorf.ac.at\/wordpress\/schule\/elternverein\/geschichte-des-elternvereins\/\" class=\"more-link\"><span class=\"screen-reader-text\">\u201eGeschichte des Elternvereins\u201c<\/span> weiterlesen<\/a><\/p>\n","protected":false},"author":1,"featured_media":0,"parent":143,"menu_order":0,"comment_status":"closed","ping_status":"closed","template":"","meta":{"footnotes":""},"class_list":["post-6198","page","type-page","status-publish","hentry"],"_links":{"self":[{"href":"https:\/\/nmszellerndorf.ac.at\/wordpress\/wp-json\/wp\/v2\/pages\/6198","targetHints":{"allow":["GET"]}}],"collection":[{"href":"https:\/\/nmszellerndorf.ac.at\/wordpress\/wp-json\/wp\/v2\/pages"}],"about":[{"href":"https:\/\/nmszellerndorf.ac.at\/wordpress\/wp-json\/wp\/v2\/types\/page"}],"author":[{"embeddable":true,"href":"https:\/\/nmszellerndorf.ac.at\/wordpress\/wp-json\/wp\/v2\/users\/1"}],"replies":[{"embeddable":true,"href":"https:\/\/nmszellerndorf.ac.at\/wordpress\/wp-json\/wp\/v2\/comments?post=6198"}],"version-history":[{"count":1,"href":"https:\/\/nmszellerndorf.ac.at\/wordpress\/wp-json\/wp\/v2\/pages\/6198\/revisions"}],"predecessor-version":[{"id":6199,"href":"https:\/\/nmszellerndorf.ac.at\/wordpress\/wp-json\/wp\/v2\/pages\/6198\/revisions\/6199"}],"up":[{"embeddable":true,"href":"https:\/\/nmszellerndorf.ac.at\/wordpress\/wp-json\/wp\/v2\/pages\/143"}],"wp:attachment":[{"href":"https:\/\/nmszellerndorf.ac.at\/wordpress\/wp-json\/wp\/v2\/media?parent=6198"}],"curies":[{"name":"wp","href":"https:\/\/api.w.org\/{rel}","templated":true}]}}